{"id":110,"date":"2010-02-06T15:15:28","date_gmt":"2010-02-06T15:15:28","guid":{"rendered":"http:\/\/www.sitaweb.nl\/cms\/?page_id=110"},"modified":"2016-03-08T19:18:57","modified_gmt":"2016-03-08T18:18:57","slug":"singles","status":"publish","type":"page","link":"http:\/\/www.sitaweb.nl\/index.php\/sita\/muziek\/singles\/","title":{"rendered":"Singles"},"content":{"rendered":"<div id=\"dslc-theme-content\"><div id=\"dslc-theme-content-inner\"><p><!-- START discografie item--><br \/>\n<img loading=\"lazy\" decoding=\"async\" src=\"http:\/\/www.sitaweb.nl\/cms\/wp-content\/uploads\/cover.jpg\" alt=\"\" title\"Determinate\" width=\"150\" height=\"150\" class=\"alignleft size-thumbnail wp-image-1532\" \/>Artiest: Sita<br \/>\nTitel: Determinate<br \/>\nLand: Nederland, Belgi\u00eb<br \/>\nRelease: mei 2011<br \/>\n&nbsp;<br \/>\n&nbsp;<br \/>\n&nbsp;<br \/>\n&nbsp;<\/p>\n<p align=\"right\"><a href=\"determinate\">Meer informatie ><\/a><\/p>\n<hr>\n<p><!-- END discografie item--><\/p>\n<p><!-- START discografie item--><br \/>\n<img loading=\"lazy\" decoding=\"async\" src=\"http:\/\/www.sitaweb.nl\/cms\/wp-content\/uploads\/wiaww.jpg\" alt=\"\" title=Walking in a Winter Wonderland\" width=\"150\" height=\"150\" class=\"alignleft size-thumbnail wp-image-1532\" \/>Artiest: Sita & Dean<br \/>\nTitel: Walking in a Winter Wonderland<br \/>\nLand: Nederland, Belgi\u00eb<br \/>\nRelease: december 2010<br \/>\n&nbsp;<br \/>\n&nbsp;<br \/>\n&nbsp;<br \/>\n&nbsp;<\/p>\n<p align=\"right\"><a href=\"walking-in-a-winter-wonderland\">Meer informatie ><\/a><\/p>\n<hr>\n<p><!-- END discografie item--><\/p>\n<p><!-- START discografie item--><br \/>\n<img loading=\"lazy\" decoding=\"async\" src=\"http:\/\/www.sitaweb.nl\/cms\/wp-content\/uploads\/wcat1-150x150.jpg\" alt=\"\" title=\"Wouldn&#039;t Change a Thing\" width=\"150\" height=\"150\" class=\"alignleft size-thumbnail wp-image-1532\" srcset=\"http:\/\/www.sitaweb.nl\/wordpress\/wp-content\/uploads\/wcat1-150x150.jpg 150w, http:\/\/www.sitaweb.nl\/wordpress\/wp-content\/uploads\/wcat1.jpg 300w\" sizes=\"auto, (max-width: 150px) 100vw, 150px\" \/>Artiest: Sita & Dean<br \/>\nTitel: Wouldn't Change a Thing<br \/>\nLand: Nederland, Belgi\u00eb<br \/>\nRelease: augustus 2010<br \/>\n&nbsp;<br \/>\n&nbsp;<br \/>\n&nbsp;<br \/>\n&nbsp;<\/p>\n<p align=\"right\"><a href=\"wouldnt-change-a-thing\">Meer informatie ><\/a><\/p>\n<hr>\n<p><!-- END discografie item--><\/p>\n<p><!-- START discografie item--><br \/>\n<img decoding=\"async\" src=\"http:\/\/www.sitaweb.nl\/cms\/wp-content\/uploads\/als-de-nacht-valt.jpg\" width=\"150px\" height=\"150px\" alt=\"Als De Nacht Valt\" align=\"left\"\/>Artiest: Yes-R & Sita<br \/>\nTitel: Als De Nacht Valt<br \/>\nLand: Nederland<br \/>\nRelease: juli 2009<br \/>\n&nbsp;<br \/>\n&nbsp;<br \/>\n&nbsp;<br \/>\n&nbsp;<\/p>\n<p align=\"right\"><a href=\"als-de-nacht-valt\">Meer informatie ><\/a><\/p>\n<hr>\n<p><!-- END discografie item--><\/p>\n<p><!-- START discografie item--><br \/>\n<img decoding=\"async\" src=\"http:\/\/www.sitaweb.nl\/cms\/wp-content\/uploads\/zoete-pijn.jpg\" width=\"150px\" height=\"150px\" alt=\"Zoete Pijn\" align=\"left\"\/>Artiest: Sita<br \/>\nTitel: Zoete Pijn<br \/>\nLand: Nederland<br \/>\nRelease: oktober 2007<br \/>\n&nbsp;<br \/>\n&nbsp;<br \/>\n&nbsp;<br \/>\n&nbsp;<\/p>\n<p align=\"right\"><a href=\"zoete-pijn\">Meer informatie ><\/a><\/p>\n<hr>\n<p><!-- END discografie item--><\/p>\n<p><!-- START discografie item--><br \/>\n<img decoding=\"async\" src=\"http:\/\/www.sitaweb.nl\/sw\/discografie\/discografiegroot\/37.jpg\" width=\"150px\" height=\"150px\" alt=\"Because We Care\" align=\"left\"\/>Artiest: Sita & Kids United<br \/>\nTitel: Because We Care<br \/>\nLand: Nederland<br \/>\nRelease: december 2005<br \/>\n&nbsp;<br \/>\n&nbsp;<br \/>\n&nbsp;<br \/>\n&nbsp;<\/p>\n<p align=\"right\"><a href=\"because-we-care\">Meer informatie ><\/a><\/p>\n<hr>\n<p><!-- END discografie item--><\/p>\n<p><!-- START discografie item--><br \/>\n<img decoding=\"async\" src=\"http:\/\/www.sitaweb.nl\/sw\/discografie\/discografiegroot\/35.jpg\" width=\"150px\" height=\"150px\" alt=\"To The Max\" align=\"left\"\/>Artiest: Co & Sita<br \/>\nTitel: To The Max<br \/>\nLand: Nederland<br \/>\nRelease: juni 2005<br \/>\n&nbsp;<br \/>\n&nbsp;<br \/>\n&nbsp;<br \/>\n&nbsp;<\/p>\n<p align=\"right\"><a href=\"to-the-max\">Meer informatie ><\/a><\/p>\n<hr>\n<p><!-- END discografie item--><\/p>\n<p><!-- START discografie item--><br \/>\n<img decoding=\"async\" src=\"http:\/\/www.sitaweb.nl\/sw\/discografie\/discografiegroot\/08.jpg\" width=\"150px\" height=\"150px\" alt=\"Ce Qui Nous Rend Fous\" align=\"left\"\/>Artiest: Sita<br \/>\nTitel: Ce Qui Nous Rend Fous<br \/>\nLand: Frankrijk<br \/>\nRelease: juni 2004<br \/>\n&nbsp;<br \/>\n&nbsp;<br \/>\n&nbsp;<br \/>\n&nbsp;<\/p>\n<p align=\"right\"><a href=\"ce-qui-nous-rend-fous\">Meer informatie ><\/a><\/p>\n<hr>\n<p><!-- END discografie item--><\/p>\n<p><!-- START discografie item--><br \/>\n<img decoding=\"async\" src=\"http:\/\/www.sitaweb.nl\/sw\/discografie\/discografiegroot\/09.jpg\" width=\"150px\" height=\"150px\" alt=\"Dance The Night Away\" align=\"left\"\/>Artiest: Sita Feat. Co<br \/>\nTitel: Dance The Night Away<br \/>\nLand: Nederland<br \/>\nRelease: mei 2004<br \/>\n&nbsp;<br \/>\n&nbsp;<br \/>\n&nbsp;<br \/>\n&nbsp;<\/p>\n<p align=\"right\"><a href=\"dance-the-night-away\">Meer informatie ><\/a><\/p>\n<hr>\n<p><!-- END discografie item--><\/p>\n<p><!-- START discografie item--><br \/>\n<img decoding=\"async\" src=\"http:\/\/www.sitaweb.nl\/sw\/discografie\/discografiegroot\/10.jpg\" width=\"150px\" height=\"150px\" alt=\"Popstar\" align=\"left\"\/>Artiest: Sita<br \/>\nTitel: Popstar<br \/>\nLand: Nederland<br \/>\nRelease: maart 2004<br \/>\n&nbsp;<br \/>\n&nbsp;<br \/>\n&nbsp;<br \/>\n&nbsp;<\/p>\n<p align=\"right\"><a href=\"popstar\">Meer informatie ><\/a><\/p>\n<hr>\n<p><!-- END discografie item--><\/p>\n<p><!-- START discografie item--><br \/>\n<img decoding=\"async\" src=\"http:\/\/www.sitaweb.nl\/sw\/discografie\/discografiegroot\/29.jpg\" width=\"150px\" height=\"150px\" alt=\"L'envers Du D\u00e9cor (promotie single)\" align=\"left\"\/>Artiest: Sita<br \/>\nTitel: L'envers Du D\u00e9cor (promotie single)<br \/>\nLand: Frankrijk<br \/>\nRelease: januari 2004<br \/>\n&nbsp;<br \/>\n&nbsp;<br \/>\n&nbsp;<br \/>\n&nbsp;<\/p>\n<p align=\"right\"><a href=\"lenvers-du-decor-promotie-single\">Meer informatie ><\/a><\/p>\n<hr>\n<p><!-- END discografie item--><\/p>\n<p><!-- START discografie item--><br \/>\n<img decoding=\"async\" src=\"http:\/\/www.sitaweb.nl\/sw\/discografie\/discografiegroot\/11.jpg\" width=\"150px\" height=\"150px\" alt=\"Come With Me\" align=\"left\"\/>Artiest: Sita<br \/>\nTitel: Come With Me<br \/>\nLand: Nederland, Belgi\u00eb<br \/>\nRelease: oktober 2003<br \/>\n&nbsp;<br \/>\n&nbsp;<br \/>\n&nbsp;<br \/>\n&nbsp;<\/p>\n<p align=\"right\"><a href=\"come-with-me\">Meer informatie ><\/a><\/p>\n<hr>\n<p><!-- END discografie item--><\/p>\n<p><!-- START discografie item--><br \/>\n<img decoding=\"async\" src=\"http:\/\/www.sitaweb.nl\/sw\/discografie\/discografiegroot\/12.jpg\" width=\"150px\" height=\"150px\" alt=\"Jerk\" align=\"left\"\/>Artiest: Sita<br \/>\nTitel: Jerk<br \/>\nLand: Nederland, Belgi\u00eb<br \/>\nRelease: onbekend<br \/>\n&nbsp;<br \/>\n&nbsp;<br \/>\n&nbsp;<br \/>\n&nbsp;<\/p>\n<p align=\"right\"><a href=\"jerk\">Meer informatie ><\/a><\/p>\n<hr>\n<p><!-- END discografie item--><\/p>\n<p><!-- START discografie item--><br \/>\n<img decoding=\"async\" src=\"http:\/\/www.sitaweb.nl\/sw\/discografie\/discografiegroot\/13.jpg\" width=\"150px\" height=\"150px\" alt=\"Le Chemin\" align=\"left\"\/>Artiest: KYO Feat. Sita<br \/>\nTitel: Le Chemin<br \/>\nLand: Frankrijk<br \/>\nRelease: juni 2003<br \/>\n&nbsp;<br \/>\n&nbsp;<br \/>\n&nbsp;<br \/>\n&nbsp;<\/p>\n<p align=\"right\"><a href=\"le-chemin\">Meer informatie ><\/a><\/p>\n<hr>\n<p><!-- END discografie item--><\/p>\n<p><!-- START discografie item--><br \/>\n<img decoding=\"async\" src=\"http:\/\/www.sitaweb.nl\/sw\/discografie\/discografiegroot\/15.jpg\" width=\"150px\" height=\"150px\" alt=\"Selfish\" align=\"left\"\/>Artiest: Sita<br \/>\nTitel: Selfish<br \/>\nLand: Nederland, Belgi\u00eb<br \/>\nRelease: juni 2002<br \/>\n&nbsp;<br \/>\n&nbsp;<br \/>\n&nbsp;<br \/>\n&nbsp;<\/p>\n<p align=\"right\"><a href=\"selfish\">Meer informatie ><\/a><\/p>\n<hr>\n<p><!-- END discografie item--><\/p>\n<p><!-- START discografie item--><br \/>\n<img decoding=\"async\" src=\"http:\/\/www.sitaweb.nl\/sw\/discografie\/discografiegroot\/17.jpg\" width=\"150px\" height=\"150px\" alt=\"Hello\" align=\"left\"\/>Artiest: Sita<br \/>\nTitel: Hello<br \/>\nLand: Duitsland<br \/>\nRelease: maart 2002<br \/>\n&nbsp;<br \/>\n&nbsp;<br \/>\n&nbsp;<br \/>\n&nbsp;<\/p>\n<p align=\"right\"><a href=\"hello-duitsland\">Meer informatie ><\/a><\/p>\n<hr>\n<p><!-- END discografie item--><\/p>\n<p><!-- START discografie item--><br \/>\n<img decoding=\"async\" src=\"http:\/\/www.sitaweb.nl\/sw\/discografie\/discografiegroot\/16.jpg\" width=\"150px\" height=\"150px\" alt=\"Hello\" align=\"left\"\/>Artiest: Sita<br \/>\nTitel: Hello<br \/>\nLand: Nederland, Belgi\u00eb<br \/>\nRelease: maart 2002<br \/>\n&nbsp;<br \/>\n&nbsp;<br \/>\n&nbsp;<br \/>\n&nbsp;<\/p>\n<p align=\"right\"><a href=\"hello\">Meer informatie ><\/a><\/p>\n<hr>\n<p><!-- END discografie item--><\/p>\n<p><!-- START discografie item--><br \/>\n<img decoding=\"async\" src=\"http:\/\/www.sitaweb.nl\/sw\/discografie\/discografiegroot\/18.jpg\" width=\"150px\" height=\"150px\" alt=\"Happy\" align=\"left\"\/>Artiest: Sita<br \/>\nTitel: Happy<br \/>\nLand: Frankrijk, Zwitserland, Australi\u00eb<br \/>\nRelease: april 2002<br \/>\n&nbsp;<br \/>\n&nbsp;<br \/>\n&nbsp;<br \/>\n&nbsp;<\/p>\n<p align=\"right\"><a href=\"happy-frankrijk\">Meer informatie ><\/a><\/p>\n<hr>\n<p><!-- END discografie item--><\/p>\n<p><!-- START discografie item--><br \/>\n<img decoding=\"async\" src=\"http:\/\/www.sitaweb.nl\/sw\/discografie\/discografiegroot\/30.jpg\" width=\"150px\" height=\"150px\" alt=\"Happy (promotie single)\" align=\"left\"\/>Artiest: Sita<br \/>\nTitel: Happy (promotie single)<br \/>\nLand: Frankrijk<br \/>\nRelease: februari 2002<br \/>\n&nbsp;<br \/>\n&nbsp;<br \/>\n&nbsp;<br \/>\n&nbsp;<\/p>\n<p align=\"right\"><a href=\"happy-frankrijk-promotie-single\">Meer informatie ><\/a><\/p>\n<hr>\n<p><!-- END discografie item--><\/p>\n<p><!-- START discografie item--><br \/>\n<img decoding=\"async\" src=\"http:\/\/www.sitaweb.nl\/sw\/discografie\/discografiegroot\/14.jpg\" width=\"150px\" height=\"150px\" alt=\"Lopen Op Het Water\" align=\"left\"\/>Artiest: Marco en Sita<br \/>\nTitel: Lopen Op Het Water<br \/>\nLand: Nederland, Belgi\u00eb<br \/>\nRelease: december 2001<br \/>\n&nbsp;<br \/>\n&nbsp;<br \/>\n&nbsp;<br \/>\n&nbsp;<\/p>\n<p align=\"right\"><a href=\"lopen-op-het-water\">Meer informatie ><\/a><\/p>\n<hr>\n<p><!-- END discografie item--><\/p>\n<p><!-- START discografie item--><br \/>\n<img decoding=\"async\" src=\"http:\/\/www.sitaweb.nl\/sw\/discografie\/discografiegroot\/19.jpg\" width=\"150px\" height=\"150px\" alt=\"Happy\" align=\"left\"\/>Artiest: Sita<br \/>\nTitel: Happy<br \/>\nLand: Engeland<br \/>\nRelease: december 2001<br \/>\n&nbsp;<br \/>\n&nbsp;<br \/>\n&nbsp;<br \/>\n&nbsp;<\/p>\n<p align=\"right\"><a href=\"happy-engeland\">Meer informatie ><\/a><\/p>\n<hr>\n<p><!-- END discografie item--><\/p>\n<p><!-- START discografie item--><br \/>\n<img decoding=\"async\" src=\"http:\/\/www.sitaweb.nl\/sw\/discografie\/discografiegroot\/31.jpg\" width=\"150px\" height=\"150px\" alt=\"Happy (promotie single)\" align=\"left\"\/>Artiest: Sita<br \/>\nTitel: Happy (promotie single)<br \/>\nLand: Engeland, Duitsland<br \/>\nRelease: december 2001<br \/>\n&nbsp;<br \/>\n&nbsp;<br \/>\n&nbsp;<br \/>\n&nbsp;<\/p>\n<p align=\"right\"><a href=\"happy-promotie-single\">Meer informatie ><\/a><\/p>\n<hr>\n<p><!-- END discografie item--><\/p>\n<p><!-- START discografie item--><br \/>\n<img decoding=\"async\" src=\"http:\/\/www.sitaweb.nl\/sw\/discografie\/discografiegroot\/20.jpg\" width=\"150px\" height=\"150px\" alt=\"Happy (Limited Edition)\" align=\"left\"\/>Artiest: Sita<br \/>\nTitel: Happy (Limited Edition)<br \/>\nLand: Nederland, Belgi\u00eb<br \/>\nRelease: december 2001<br \/>\n&nbsp;<br \/>\n&nbsp;<br \/>\n&nbsp;<br \/>\n&nbsp;<\/p>\n<p align=\"right\"><a href=\"happy-limited-edition\">Meer informatie ><\/a><\/p>\n<hr>\n<p><!-- END discografie item--><\/p>\n<p><!-- START discografie item--><br \/>\n<img decoding=\"async\" src=\"http:\/\/www.sitaweb.nl\/sw\/discografie\/discografiegroot\/21.jpg\" width=\"150px\" height=\"150px\" alt=\"Happy\" align=\"left\"\/>Artiest: Sita<br \/>\nTitel: Happy<br \/>\nLand: Nederland, Belgi\u00eb, Indonesi\u00eb, Isra\u00ebl<br \/>\nRelease: november 2001<br \/>\n&nbsp;<br \/>\n&nbsp;<br \/>\n&nbsp;<br \/>\n&nbsp;<\/p>\n<p align=\"right\"><a href=\"happy\">Meer informatie ><\/a><\/p>\n<hr>\n<p><!-- END discografie item--><\/p>\n<p><!-- START discografie item--><br \/>\n<img decoding=\"async\" src=\"http:\/\/www.sitaweb.nl\/sw\/discografie\/discografiegroot\/22.jpg\" width=\"150px\" height=\"150px\" alt=\"No Perfect World\" align=\"left\"\/>Artiest: K-otic<br \/>\nTitel: No Perfect World<br \/>\nLand: Nederland, Belgi\u00eb<br \/>\nRelease: onbekend<br \/>\n&nbsp;<br \/>\n&nbsp;<br \/>\n&nbsp;<br \/>\n&nbsp;<\/p>\n<p align=\"right\"><a href=\"no-perfect-world\">Meer informatie ><\/a><\/p>\n<hr>\n<p><!-- END discografie item--><\/p>\n<p><!-- START discografie item--><br \/>\n<img decoding=\"async\" src=\"http:\/\/www.sitaweb.nl\/sw\/discografie\/discografiegroot\/23.jpg\" width=\"150px\" height=\"150px\" alt=\"I Really Don't Think So\" align=\"left\"\/>Artiest: K-otic<br \/>\nTitel: I Really Don't Think So<br \/>\nLand: Nederland, Belgi\u00eb<br \/>\nRelease: juli 2001<br \/>\n&nbsp;<br \/>\n&nbsp;<br \/>\n&nbsp;<br \/>\n&nbsp;<\/p>\n<p align=\"right\"><a href=\"i-really-dont-think-so\">Meer informatie ><\/a><\/p>\n<hr>\n<p><!-- END discografie item--><\/p>\n<p><!-- START discografie item--><br \/>\n<img decoding=\"async\" src=\"http:\/\/www.sitaweb.nl\/sw\/discografie\/discografiegroot\/25.jpg\" width=\"150px\" height=\"150px\" alt=\"I Can't Explain\" align=\"left\"\/>Artiest: K-otic<br \/>\nTitel: I Can't Explain<br \/>\nLand: Nederland, Belgi\u00eb<br \/>\nRelease: mei 2001<br \/>\n&nbsp;<br \/>\n&nbsp;<br \/>\n&nbsp;<br \/>\n&nbsp;<\/p>\n<p align=\"right\"><a href=\"i-cant-explain\">Meer informatie ><\/a><\/p>\n<hr>\n<p><!-- END discografie item--><\/p>\n<p><!-- START discografie item--><br \/>\n<img decoding=\"async\" src=\"http:\/\/www.sitaweb.nl\/sw\/discografie\/discografiegroot\/26.jpg\" width=\"150px\" height=\"150px\" alt=\"I Was Made To Love You\" align=\"left\"\/>Artiest: Sita & Bart<br \/>\nTitel: I Was Made To Love You<br \/>\nLand: Nederland, Belgi\u00eb<br \/>\nRelease: mei 2001<br \/>\n&nbsp;<br \/>\n&nbsp;<br \/>\n&nbsp;<br \/>\n&nbsp;<\/p>\n<p align=\"right\"><a href=\"i-was-made-to-love-you\">Meer informatie ><\/a><\/p>\n<hr>\n<p><!-- END discografie item--><\/p>\n<p><!-- START last discografie item--><br \/>\n<img decoding=\"async\" src=\"http:\/\/www.sitaweb.nl\/sw\/discografie\/discografiegroot\/27.jpg\" width=\"150px\" height=\"150px\" alt=\"Damn (I Think I love You)\" align=\"left\"\/>Artiest: Starmaker<br \/>\nTitel: Damn (I Think I love You)<br \/>\nLand: Nederland, Belgi\u00eb<br \/>\nRelease: april 2001<br \/>\n&nbsp;<br \/>\n&nbsp;<br \/>\n&nbsp;<br \/>\n&nbsp;<\/p>\n<p align=\"right\"><a href=\"damn-i-think-i-love-you\">Meer informatie ><\/a><\/p>\n<p><!-- END last discografie item--><\/p>\n<\/div><\/div>","protected":false},"excerpt":{"rendered":"<p>Artiest: Sita Titel: Determinate Land: Nederland, Belgi\u00eb Release: mei 2011 &nbsp; &nbsp; &nbsp; &nbsp; Meer informatie ><\/p>\n","protected":false},"author":2,"featured_media":0,"parent":106,"menu_order":20,"comment_status":"closed","ping_status":"open","template":"","meta":{"footnotes":""},"class_list":["post-110","page","type-page","status-publish","hentry","clearfix"],"_links":{"self":[{"href":"http:\/\/www.sitaweb.nl\/index.php\/wp-json\/wp\/v2\/pages\/110","targetHints":{"allow":["GET"]}}],"collection":[{"href":"http:\/\/www.sitaweb.nl\/index.php\/wp-json\/wp\/v2\/pages"}],"about":[{"href":"http:\/\/www.sitaweb.nl\/index.php\/wp-json\/wp\/v2\/types\/page"}],"author":[{"embeddable":true,"href":"http:\/\/www.sitaweb.nl\/index.php\/wp-json\/wp\/v2\/users\/2"}],"replies":[{"embeddable":true,"href":"http:\/\/www.sitaweb.nl\/index.php\/wp-json\/wp\/v2\/comments?post=110"}],"version-history":[{"count":24,"href":"http:\/\/www.sitaweb.nl\/index.php\/wp-json\/wp\/v2\/pages\/110\/revisions"}],"predecessor-version":[{"id":3008,"href":"http:\/\/www.sitaweb.nl\/index.php\/wp-json\/wp\/v2\/pages\/110\/revisions\/3008"}],"up":[{"embeddable":true,"href":"http:\/\/www.sitaweb.nl\/index.php\/wp-json\/wp\/v2\/pages\/106"}],"wp:attachment":[{"href":"http:\/\/www.sitaweb.nl\/index.php\/wp-json\/wp\/v2\/media?parent=110"}],"curies":[{"name":"wp","href":"https:\/\/api.w.org\/{rel}","templated":true}]}}