{"id":1043,"date":"2010-03-13T19:27:33","date_gmt":"2010-03-13T18:27:33","guid":{"rendered":"http:\/\/www.sitaweb.nl\/cms\/?page_id=1043"},"modified":"2016-03-08T19:18:27","modified_gmt":"2016-03-08T18:18:27","slug":"lenvers-du-decor","status":"publish","type":"page","link":"http:\/\/www.sitaweb.nl\/index.php\/sita\/muziek\/singles\/lenvers-du-decor-promotie-single\/lenvers-du-decor\/","title":{"rendered":"L'envers Du D\u00c9cor"},"content":{"rendered":"<div id=\"dslc-theme-content\"><div id=\"dslc-theme-content-inner\"><p>Je suis seule, tu vois, immobile encore<br \/>\nTout les soirs c'est de pire en pire<br \/>\nEt quand tu rentre, enfin, c'est pour dire<br \/>\nQue j'aurais d\u00fb m'endormir<\/p>\n<p>Je devine des signes que j'ignore,<br \/>\nEt puis, ton nouveau sourire \u00e0 la mode<br \/>\nEt tant d'erreur que c'est toi qui d\u00e9croche<br \/>\nTrop d'espace entre nos corps<\/p>\n<p>Refrain :<br \/>\nMais je laisse faire encore, encore<br \/>\nJe me perds dans l'envers du d\u00e9cor<br \/>\nJe laisse faire encore, encore<br \/>\nEt je perds la t\u00eate quand je n'ai plus la force<\/p>\n<p>Je vois bien qu'elle te fait revivre<br \/>\nEn fait, tu me cache rien sous tes cils<br \/>\nJe ferme les yeux quand ils sont trop lucide<br \/>\nEt me br\u00fble quand je r\u00e9siste<\/p>\n<p>Refrain<\/p>\n<p>Je suis seule, tu vois, immobile encore<br \/>\nJe suis pas l'\u00e9cart, je me vide<br \/>\nEt plus froid que la lame qui brille<br \/>\nMaintenant je peux dormir<\/p>\n<p>Refrain<\/p>\n<p>Je suis seule, tu vois, immobile encore<br \/>\nTout les soirs c'est de pire en pire<br \/>\nEt quand tu rentre, enfin, c'est pour dire<br \/>\nQue j'aurais d\u00fb m'endormir<\/p>\n<\/div><\/div>","protected":false},"excerpt":{"rendered":"<p>Je suis seule, tu vois, immobile encore Tout les soirs c'est de pire en pire Et quand tu rentre, enfin, c'est pour dire Que j'aurais d\u00fb m'endormir Je devine des signes que j'ignore, Et puis, ton nouveau sourire \u00e0 la mode Et tant d'erreur que c'est toi qui d\u00e9croche Trop d'espace entre nos corps Refrain : Mais je laisse faire encore, encore Je me perds dans l'envers du d\u00e9cor Je [&hellip;]<\/p>\n","protected":false},"author":1,"featured_media":0,"parent":847,"menu_order":10,"comment_status":"closed","ping_status":"open","template":"","meta":{"footnotes":""},"class_list":["post-1043","page","type-page","status-publish","hentry","clearfix"],"_links":{"self":[{"href":"http:\/\/www.sitaweb.nl\/index.php\/wp-json\/wp\/v2\/pages\/1043","targetHints":{"allow":["GET"]}}],"collection":[{"href":"http:\/\/www.sitaweb.nl\/index.php\/wp-json\/wp\/v2\/pages"}],"about":[{"href":"http:\/\/www.sitaweb.nl\/index.php\/wp-json\/wp\/v2\/types\/page"}],"author":[{"embeddable":true,"href":"http:\/\/www.sitaweb.nl\/index.php\/wp-json\/wp\/v2\/users\/1"}],"replies":[{"embeddable":true,"href":"http:\/\/www.sitaweb.nl\/index.php\/wp-json\/wp\/v2\/comments?post=1043"}],"version-history":[{"count":2,"href":"http:\/\/www.sitaweb.nl\/index.php\/wp-json\/wp\/v2\/pages\/1043\/revisions"}],"predecessor-version":[{"id":3199,"href":"http:\/\/www.sitaweb.nl\/index.php\/wp-json\/wp\/v2\/pages\/1043\/revisions\/3199"}],"up":[{"embeddable":true,"href":"http:\/\/www.sitaweb.nl\/index.php\/wp-json\/wp\/v2\/pages\/847"}],"wp:attachment":[{"href":"http:\/\/www.sitaweb.nl\/index.php\/wp-json\/wp\/v2\/media?parent=1043"}],"curies":[{"name":"wp","href":"https:\/\/api.w.org\/{rel}","templated":true}]}}